ivative of a(l). List the prime factors of q(6).
2, 5
Suppose f - 5*f + 20 = 0. Suppose -f*d - 5*z + 6 = 1, -5*d = -4*z - 32. Suppose d = g + 1. What are the prime factors of g?
3
Suppose -5*z - 2*x = -48, 4*z + z - 44 = -x. Suppose -52 = -3*n + 2*q, 0*n - 4*q = 2*n - z. What are the prime factors of n?
2, 7
Suppose 0 = -g - 2*g + 150. Let m = g + -35. What are the prime factors of m?
3, 5
Let k be (-5)/(-4) + (-3)/(-4). Suppose -b = -4*w + 13, 0*b - 6 = k*b - 3*w. What are the prime factors of b?
3
Let m(a) = -a**2 - 7*a - 6. Let y be m(-4). Suppose b = -2*b + y. Suppose -3*v + 2 = f - 3*f, b*f + 6 = 4*v. List the prime factors of v.
2
Suppose w - 59 = 9. List the prime factors of w.
2, 17
Let r(w) = -2*w + 5. Let b be r(6). List the prime factors of b/(-4) - 8/(-32).
2
Let b(n) = -10*n - 5. Let s be b(-4). Suppose -j + 7*k - 2*k - 1 = 0, 3*j - s = -4*k. What are the prime factors of j?
3
Let w(v) = v - 7. Suppose -13 = -4*g + 15. Let m be w(g). Let q = 5 + m. What are the prime factors of q?
5
Let o = 25 - -16. Let g = o - 28. List the prime factors of g.
13
Suppose 0 = -3*w + 5*h - 23 + 8, 4*h - 12 = -3*w. Let z be (w/5)/(-2 + 1). Suppose z = -4*a - c - 3*c + 68, -5*c + 7 = -a. What are the prime factors of a?
13
Let l(c) = c**2 - 3*c - 5. Let r(x) = 5*x - 11. Let u(p) = p - 1. Let h(z) = r(z) - 4*u(z). Let q be h(3). List the prime factors of l(q).
23
Suppose -20 = -2*d + 7*d. Let a be (1 + 0)*12/d. Let j = 12 + a. What are the prime factors of j?
3
Let o = -69 - -125. What are the prime factors of o?
2, 7
Let j be (0 + -1)*(-96)/6. Suppose 0 = 4*l - 0*l - j. What are the prime factors of l?
2
Suppose -5*i + 108 = -42. List the prime factors of i.
2, 3, 5
Let r(i) = -4*i - 3. Let b be r(5). Let k(x) = -x**2 + 2*x + 4. Let t be k(-6). Let j = b - t. List the prime factors of j.
3, 7
Suppose 305 = 5*f - 0*f. Suppose f - 6 = -5*t. Let u = t - -27. List the prime factors of u.
2
Suppose 9 = 2*s - 11. Suppose 2*z - 11 = 3*z + 3*x, -5*z - 2*x + s = 0. Suppose -5*b = -4*b + 5*t - 1, -z*b = 2*t - 40. List the prime factors of b.
11
What are the prime factors of ((-414)/30)/((-1)/5)?
3, 23
Let v(n) = -3*n**2 - 2. Let g(p) = 3*p**2 + 2. Let r(y) = -2*g(y) - 3*v(y). What are the prime factors of r(2)?
2, 7
What are the prime factors of (2 - -2) + -5 + 233?
2, 29
Let g(p) = p**2 - 8*p - 3. What are the prime factors of g(-6)?
3
Let t = 4 - 1. Suppose u - t*u = -64. Let x = -17 + u. What are the prime factors of x?
3, 5
Let j(z) = 2*z**3 - 9*z**2 + 8*z + 6. List the prime factors of j(6).
2, 3
Suppose -4*d = -2*q - 8, 4*d + 6 = 7*d - 2*q. Suppose -5*c - s + 12 = 0, d*s + 1 = -c - 2. List the prime factors of c*(-6)/(-9) + 10.
2, 3
What are the prime factors of (12/5)/((-9)/(-120))?
2
Let y(j) = -j**2 + 7*j + 2. Let s be y(7). Suppose s*p + i = 1, -i = -p - p - 9. What are the prime factors of p*-2*1/1?
2
Suppose 3*t + 4*u - 20 = 0, 3*t + 15 = 5*u - 10. Let i = 3 + t. What are the prime factors of (i/4)/((-5)/(-120))?
2, 3
Let x be 1*5 - (3 + -1). Let y = 7 - x. List the prime factors of ((-2)/y)/(5/(-60)).
2, 3
Let z = -9 - 2. Let n(s) = 3*s - 3. Let r(q) = -q - 1. Let c(a) = n(a) + 4*r(a). List the prime factors of c(z).
2
Let u(m) = -m**2 - 8*m - 8. Let f be 88/(-14) + (-4)/(-14). Let b be u(f). Suppose 3*i + 2*o - 3*o = 10, -b*i + 15 = -o. List the prime factors of i.
5
Suppose -p = 0, -3*r + 3*p = 5*p - 108. List the prime factors of r.
2, 3
Let m(j) = -4*j. Let f be m(1). Let q = 7 + f. Suppose -q*v = v - 32. What are the prime factors of v?
2
Let f(j) = j**2 - 9*j + 10. Let t be f(10). Let k = -32 + t. List the prime factors of (-18)/(-4)*(-40)/k.
3, 5
What are the prime factors of 356/(-12)*15/2*-2?
5, 89
Let i be (-159)/7 - 2/7. Suppose 0 = -f + 10 + 28. Let u = i + f. What are the prime factors of u?
3, 5
List the prime factors of 2/(-19) - (-3810)/95.
2, 5
Suppose -y + 4*b = -70, 0*b - 4*b + 254 = 5*y. What are the prime factors of y?
2, 3
Suppose -5*h - 11 = 14. Let k be (2/h)/((-1)/5). Suppose 2*w = k*g + 36, 0 = 3*w + 4*g + g - 14. What are the prime factors of w?
13
Let w(m) be the third derivative of -m**4/24 + m**3/2 + m**2. Let x be (1 - 14) + (5 - 2). List the prime factors of w(x).
13
Let l be (0/(-1) - -1)*85. Suppose 6*r - l = r. Suppose -3*k - 3*u = -81, -6*u + 5*u - r = -k. What are the prime factors of k?
2, 11
List the prime factors of 0 - (-73 + (-3)/3).
2, 37
Let k = -5 + 3. Let u be (2 - 2)/k - -11. Suppose -3*g + u = -2*g. What are the prime factors of g?
11
Let i = -20 - -49. Suppose -t + i = 3. Suppose 2*p - t = -4*x, 3*p = p - 5*x + 31. List the prime factors of p.
3
Let g = 94 + -85. What are the prime factors of g?
3
Let p(j) = -j**2 + 8*j - 7. Let h be p(7). Suppose h = -4*k + 11 + 9. What are the prime factors of k?
5
Let y(o) = -3 + 3*o - 16*o + 10*o. Suppose -d = -3*d - 8. What are the prime factors of y(d)?
3
Let l be 260/15 - (-4)/6. Suppose -5*c - l = 2. Let r(z) = -2*z - 3. What are the prime factors of r(c)?
5
Let i(v) = -v + 8. Let l be i(7). Suppose t = -5*h + l, 3*h - 68 = -5*t - h. What are the prime factors of t?
2
Let h(m) = 2*m + 7 + m**2 - 2 + 4 - 3. What are the prime factors of h(-6)?
2, 3, 5
Suppose -10 = -5*u - 0*u. Let n = -22 + 37. Suppose -u*l + n = -9. What are the prime factors of l?
2, 3
Let l be 6/(-4)*(-4)/3. Let p(y) = -3*y - 3 + 3 + 6*y**l + 1 + 1. What are the prime factors of p(2)?
2, 5
Let r = 93 + -24. List the prime factors of r.
3, 23
Suppose -5*v - 3 = 5*d + 2, -d = -3*v + 1. Suppose 5*c + 2*a - 62 = 0, -3*c - a + 38 = -v*c. What are the prime factors of c?
2, 7
Suppose -w + 2*w - 4 = 0. List the prime factors of 17 - w/(-2 - -4).
3, 5
Suppose 5*r = -4*y + 54, 0 = 5*y - 2*y - 3*r - 54. Suppose y = 5*d - 14. What are the prime factors of d?
2, 3
Let y be (-5)/5 + 1 + 2. Suppose -y*j + 6*j - 36 = 0. List the prime factors of j.
3
Let t = 160 - 101. What are the prime factors of t?
59
Suppose -10 = -2*j + 4*u - 5*u, -5*u + 32 = 4*j. Suppose -7*m = -j*m + 8. What are the prime factors of 3*38/6 + m?
17
Suppose 4*w - 3*b = w + 1236, 2*b = -2*w + 812. What are the prime factors of w?
409
Let o(v) = -10*v - 4. Let p be o(-3). Let d be p/8 + (-5)/20. Suppose 30 = d*k - 9. What are the prime factors of k?
13
Let k = 13 + -18. What are the prime factors of 7 + -1 + (-3 - k)?
2
Suppose -2*i + h + 2*h - 22 = 0, 4*i + 5*h = -22. List the prime factors of 45/12 - (-6)/i.
3
Suppose -622 = -7*a - 27. List the prime factors of a.
5, 17
Let t(f) = f**2 - 5*f + 6. Let p be t(7). Suppose -g + 9 + p = 0. List the prime factors of g.
29
Suppose -3*z + z = 8, -4*r - 4*z = -188. What are the prime factors of r?
3, 17
What are the prime factors of (-27)/(4 - -5) - 354/(-2)?
2, 3, 29
Let q(l) = -l + 2. Suppose 0 = 3*n - 3 + 18. What are the prime factors of q(n)?
7
Let l = 0 - -4. Let c(s) = 5*s + 3 - 5*s**2 + 0 + 0*s**3 + s**3. List the prime factors of c(l).
7
Suppose -4*x = 4*y - x - 4, 5*y - 28 = 2*x. Suppose 35 = -y*u - u. Let t = u + 11. What are the prime factors of t?
2
What are the prime factors of 2804/18 - (-10)/45?
2, 3, 13
Suppose -4*t - 2*v - 2 = 8, -5*v + 23 = -2*t. Let b be -8*(2 + 10/t). Suppose -n = b*n - 20. What are the prime factors of n?
2
Let j(p) = -p**2 + p + 2. Let b be j(0). Let w be 2/(-5) - (-6)/15. Let a = b + w. What are the prime factors of a?
2
Let u(j) = -6 + 9 + 1 - j + 7. List the prime factors of u(-8).
19
Suppose -192 = -4*r + r - 3*g, 270 = 4*r - 3*g. What are the prime factors of r?
2, 3, 11
Let w be 2 - (2 + -1) - 1. Suppose -4*d - 5*j + 60 + 54 = w, -88 = -3*d - 5*j. What are the prime factors of d?
2, 13
Suppose -7*d = -5*d + 20. List the prime factors of d*(-1)/(-2)*-4.
2, 5
Suppose 2*r + 3*c = 7, 6 = -r + 4*c - 7. Let n be 0 - 0 - (-5 - r). Suppose 0 = -n*g - 8 + 48. What are the prime factors of g?
2, 5
Suppose 0*f - 2*f = -68. Suppose 155 = 5*g + 4*l, 0*g + 2*g - 4*l = f. List the prime factors of g.
3
Let d = 20 - 12. Suppose -3*b = 3, -5*l + 4 = -5*b + b. Let y = d - l. List the prime factors of y.
2
Suppose -3*u + 5*u - 86 = 0. List the prime factors of u.
43
Suppose -23 = -r + 17. Suppose -4*j - j + r = 0. List the prime factors of j.
2
Let m(f) = f**3 + 10*f**2 + 10*f - 10. What are the prime factors of m(-8)?
2, 19
Let k be 1*-21*1/1. Let s = -63 + 9